*h - 60 = -5*h. Let y = 25 - h. Suppose -y*i + 4*i = -80. What is the greatest common factor of i and 32?
16
Let x = -202 + 53. Let f = -105 - x. What is the greatest common factor of 4 and f?
4
Let d = -13 - -21. Let y(v) = 2*v**2 - 3*v + 18. Suppose 24 + 13 = 2*t - 5*b, -4*t = -b - 29. Let z be y(t). Calculate the highest common divisor of d and z.
8
Let n = -9 + 4. Let h be (-2)/n - 322/(-70). What is the greatest common divisor of 40 and h?
5
Let r(b) = 7*b + 135. Let a be r(-13). What is the highest common divisor of 77 and a?
11
Suppose -6*u = -2*u, 33 = k - 5*u. Suppose 3*r - 868 = 221. Calculate the greatest common factor of r and k.
33
Suppose 5*y - 30 - 75 = 0. Suppose -u + 3*l - 5*l + 16 = 0, -2*u + 27 = 3*l. What is the greatest common divisor of y and u?
3
Let b(r) = 697*r + 104. Let m be b(2). Calculate the greatest common factor of m and 14.
14
Let h be 150/12*18/(-15)*-6. Let y(u) = u**2 - 5*u + 6. Let x be y(4). Suppose 5*l - x*l - 180 = 0. Calculate the greatest common factor of h and l.
30
Let w = -1293 + 2651. Calculate the highest common factor of w and 14.
14
Let q = 208 - 172. Let h be ((-16)/(-1))/((-5)/(-90)). Calculate the greatest common divisor of q and h.
36
Suppose -2*l + 24 = 4*x, 5*l - 3*x - 82 = 4. Calculate the greatest common divisor of l and 24.
8
Let j be 0 + (-3)/3 + 4 + 0. Let z = 35 - j. Suppose 20 = 4*p, 0*i + 12 = -i + 4*p. What is the greatest common factor of z and i?
8
Let d(k) = k + 1. Let z be d(-4). Let a = z + 7. Suppose 4*s = -5*g + 143, -a*s = -4*g - s + 102. What is the greatest common factor of 9 and g?
9
Let v = -9 - -14. Let y = 12 - -51. Let w be -2*v/((-30)/y). Calculate the greatest common divisor of w and 14.
7
Suppose 0 = 2*d - 7*d + 280. Let z = -15 + 22. What is the greatest common divisor of d and z?
7
Suppose 5*f - 3*s = -131 + 813, -4 = s. Let h = f - 74. What is the greatest common divisor of h and 24?
12
Let g = -500 - -551. What is the highest common factor of 15 and g?
3
Suppose 3*u - 226 = -s - 5, 4*s + 3*u - 884 = 0. Calculate the greatest common divisor of 85 and s.
17
Suppose -5*m + v + 295 = 0, -5*m + v = 3*v - 295. What is the greatest common factor of 531 and m?
59
Suppose -2*g - 3*g - 1105 = -3*v, -5*v = 3*g - 1785. Suppose -22*w = 163 - 1043. Calculate the greatest common factor of w and v.
40
Suppose 5*f + 5*q = 1030, -8*f - q - 200 = -9*f. Calculate the highest common factor of f and 14.
7
Let b(v) = 11*v + 72. Let q be b(-4). Suppose h = 4*x - 16 - 11, -x - h + 13 = 0. What is the highest common divisor of x and q?
4
Let m be (-6)/(-12) - 235/(-10). Calculate the greatest common divisor of m and 18.
6
Suppose -31*r = -66*r + 210. What is the greatest common divisor of r and 12?
6
Suppose 0*g + 54 = g. Let t be ((-10)/(-6))/((-3)/g). Let d be t/9*3/(-2). What is the greatest common divisor of 5 and d?
5
Let j = 9 - 4. Suppose -u = j*i + 15, 3*u - 15 = 5*i - 0. Suppose u = o - 17 + 4. What is the highest common factor of 39 and o?
13
Let o(r) = 7*r**2 - 16*r - 6. Suppose -m - 28 = 5*h, 2*h + 2 = -8. Let b be o(m). Calculate the highest common factor of b and 21.
21
Suppose -4*r = -2*r - 288. Let l = -3398 + 3407. Calculate the highest common factor of l and r.
9
Suppose 4*u + 4*z = 4, -u + 7 = u - 3*z. Let p = -15 + 51. Suppose 34 = u*j + 2*t, -5*t = 2*j - 2*t - p. Calculate the greatest common factor of j and 5.
5
Suppose -10 - 18 = -4*o + 3*t, 3*o = -2*t + 38. Calculate the highest common divisor of 20 and o.
10
Let y = 1126 + -718. Calculate the greatest common divisor of 36 and y.
12
Suppose r - 2*r = -9. Let w(y) = 2*y - 2. Let i be w(2). Suppose 3*p - 116 = 4*h, i*p - 4*h + 55 = 135. What is the greatest common divisor of p and r?
9
Let g be 321/6 + 3/2. Let p = 33 + -22. Calculate the highest common divisor of p and g.
11
Let u(r) = 10*r**2 + r + 3. Let t be u(3). What is the greatest common factor of t and 2?
2
Let l be (768/(-480))/(3/(135/(-2))). Calculate the highest common divisor of 20 and l.
4
Let i = 17 - 7. Suppose -2*q + 14 = -2. Suppose b = 3*b - q. What is the highest common divisor of b and i?
2
Let w(y) = 2*y**3 - 4*y**2 - 21*y - 9. Let m be w(6). Calculate the greatest common factor of 34 and m.
17
Suppose -4076*s + 4068*s + 14448 = 0. What is the highest common divisor of s and 42?
42
Let t = 1067 + -1058. Calculate the highest common factor of 225 and t.
9
Let p(r) = 2*r**2 - 9*r - 57. Let i be p(-4). Let o = 7 - 2. Suppose -3*s + 142 = -o*t, -t - 166 = -4*s - 6*t. Calculate the highest common factor of s and i.
11
Let c = 5 - 0. Let n be (-18 + 16)/((-1)/2). Suppose -3*o = h - n, -20 = -c*h - 6*o + 2*o. Calculate the greatest common factor of h and 2.
2
Let a = -577 - -607. What is the greatest common divisor of a and 280?
10
Let m = -1601 - -1615. What is the greatest common factor of m and 336?
14
Let g be 7/((-98)/4) + 510/21. Let v be 9 - 2 - g/8. Suppose m + 85 = 5*r, 0*r - 4*m = -3*r + 68. Calculate the highest common factor of v and r.
4
Let v(s) = -12*s + 9. Let c be v(-2). Calculate the greatest common divisor of 209 and c.
11
Suppose -4 = -16*t + 14*t. Suppose 2*u + 510 = t*h, h = -3*u - 64 + 307. What is the highest common factor of h and 28?
28
Suppose -r + 0*r = -55. Let d = r + -97. Let i = d - -117. What is the highest common factor of i and 30?
15
Let c = -145 - -154. What is the greatest common factor of c and 3?
3
Let c be 13 + 3/(-6)*-6. Let j = -13 + c. Suppose 0 = m + 5*u - 16 - 8, 0 = -j*m + 5*u - 8. What is the highest common factor of m and 36?
4
Suppose 0 = -60*q + 62*q - 44. Suppose 3*j = 5*t - 16908, 1294 = t + 3*j - 2102. Let r be t/14 + (-2)/(-7). Calculate the highest common divisor of q and r.
22
Suppose -858 = -14*w + 8*w - 5*i, -3*w - i = -429. Calculate the greatest common divisor of 77 and w.
11
Suppose 0 = -7*v + 336 + 168. Suppose -11*l + 15*l - v = 0. What is the highest common divisor of 6 and l?
6
Suppose -79 = -3*w + 2. Calculate the greatest common factor of 36 and w.
9
Let d = 2144 - 2040. Calculate the greatest common factor of d and 56.
8
Let b = 68 + -43. Suppose g = i + 4*i - 247, -97 = -2*i + g. Calculate the greatest common divisor of i and b.
25
Suppose -160 = -8*b + 3*b. Suppose 4 = 3*d - d. Suppose -b - 8 = -d*o. Calculate the greatest common factor of o and 5.
5
Let x(g) = -12*g**3 + 2*g**2 + 2*g + 1. Let z = 19 + -20. Let c be x(z). Suppose 700 = -9*l + c*l. What is the greatest common factor of 25 and l?
25
Let y be (-10)/(-35) - (-383)/7. Let a be 406/(-5)*y/(-22). What is the greatest common factor of a and 29?
29
Let z = -65 + 134. What is the highest common divisor of z and 1104?
69
Let a = 39 - 35. Let m be (-510)/(-4) - (-2)/a - 0. What is the greatest common divisor of m and 32?
32
Suppose 118*q = 110*q. Let u be (-2 - -4) + (3 - (-1 - q)). Calculate the greatest common divisor of 78 and u.
6
Suppose -3*l = 3*c - 81, 3*c + 10 = l - 21. Suppose 29*b - 34*b = -15, -5*x - 4*b + 32 = 0. Calculate the greatest common divisor of x and l.
4
Let j be (1148/35)/((-6)/(-105)). Calculate the greatest common factor of j and 14.
14
Suppose -4*w - w + 325 = 0. Let t = w + -53. Calculate the highest common factor of 96 and t.
12
Let f(m) = 6*m + 4. Let j be f(-4). Let c = 40 + j. Calculate the highest common factor of 4 and c.
4
Let v(s) = 21*s - 6. Let c be v(2). What is the highest common factor of 4 and c?
4
Let t(a) = -3*a**2 + 6*a - 4. Let q be t(2). Let b be (q*(1 + -2))/(4/168). What is the greatest common divisor of 42 and b?
42
Suppose f - 4*l = 244, 2*l = 9*f - 5*f - 906. Calculate the highest common factor of 7 and f.
7
Let p = 25 - -20. What is the highest common divisor of 5 and p?
5
Let y(o) = -2*o**2 - 14*o - 11. Suppose -2*c = d + 10 - 1, -5*c = -5*d + 45. Let m be y(c). What is the highest common divisor of 2 and m?
1
Suppose 5*r = t - 380, -3*r = -4*t - 2*r + 1444. Calculate the greatest common factor of t and 216.
72
Let j(q) = -q**3 - 8*q**2 + 10*q + 9. Let c be j(-9). Suppose c = -2*k + 3*z + 18 + 8, 52 = 4*k - z. What is the highest common factor of 39 and k?
13
Let o = 1525 - 1165. What is the greatest common divisor of 72 and o?
72
Suppose 11*n + 508 = 15*n + 4*s, 4*n - 484 = 4*s. What is the highest common factor of n and 155?
31
Let z = -42 + 42. Suppose -4*j + 158